0111011010
What is -d3376 (base 14) in base 9?
-854263
212b4 (base 13) to base 11
40a28
Convert 5016737 (base 8) to base 7.
14130431
What is -134040020 (base 5) in base 13?
-1b20b9
146846 (base 14) to base 10
709582
Convert -13414403 (base 6) to base 10.
-453315
What is -111111000111011000100011 (base 2) in base 6?
-1350342403
What is -575842 (base 9) in base 6?
-11223315
What is -63984e (base 16) in base 15?
-88de1e
-23003143 (base 5) to base 12
-99964
b3abb (base 16) to base 14
1522a7
Convert -22451005 (base 6) to base 13.
-1b2690
2054036 (base 7) to base 16
3cb7e
What is 137a21 (base 16) in base 2?
100110111101000100001
-786963 (base 12) to base 16
-1d49db
What is -11212021012 (base 3) in base 6?
-2015005
What is 2117062 (base 8) in base 11?
356372
132132031 (base 4) to base 11
85857
Convert -410120304 (base 5) to base 7.
-16661102
What is -20340324 (base 5) in base 10?
-168214
What is 1113222 (base 7) in base 15?
2ad50
33135004 (base 7) to base 2
1010110111101000011001
Convert -189b5 (base 14) to base 9.
-104402
bbb16 (base 14) to base 8
1570430
Convert 10110110010101110100 (base 2) to base 5.
142344433
-268696 (base 11) to base 14
-ad81d
What is -111444210 (base 5) in base 11?
-311672
Convert -2262055 (base 7) to base 6.
-10031004
Convert 4d98ea (base 16) to base 8.
23314352
What is 2182508 (base 9) in base 8?
4371342
ca7d99 (base 14) to base 11
3965a79
11345840 (base 9) to base 7
64636335
2ec69 (base 15) to base 3
21200112200
What is 1103314 (base 5) in base 10?
19209
Convert -1102124014 (base 5) to base 11.
-1386051
Convert 298554 (base 10) to base 11.
194343
What is -4076294 (base 10) in base 12?
-1446b72
334644 (base 7) to base 10
59322
Convert -12022112200 (base 3) to base 5.
-11322033
506023 (base 7) to base 4
111001132
Convert -120211130 (base 4) to base 15.
-1ec85
Convert -600540 (base 10) to base 3.
-1010111210020
What is 241000022 (base 5) in base 13?
2cac56
Convert 21200000020221 (base 3) to base 2.
1111100010110001001000
What is -804a82 (base 11) in base 2?
-100111100001010111000
What is 5166a15 (base 12) in base 10?
15314993
Convert 7887a (base 12) to base 11.
aa417
Convert -10204534 (base 6) to base 13.
-a4c9b
Convert 7a094b (base 13) to base 5.
1214324440
What is -108cf1 (base 16) in base 5?
-234202112
1010323231 (base 4) to base 14
74c7b
788a76 (base 11) to base 16
132bea
330727 (base 8) to base 4
123013113
1115277 (base 8) to base 6
10245011
What is -12b265 (base 12) in base 14?
-80bdb
What is 67217177 (base 8) in base 5?
12202210023
Convert -69a91 (base 13) to base 6.
-4045135
-9f2 (base 16) to base 8
-4762
What is -9aa5a3 (base 12) in base 4?
-21121303023
What is -d43dd (base 14) in base 13?
-14b887
What is -7783 (base 14) in base 3?
-1001101111
502673 (base 8) to base 9
271674
Convert 401241 (base 8) to base 10.
131745
What is b98a2 (base 13) in base 5?
41213203
What is 140313 (base 11) in base 16?
35b58
What is -45081 (base 13) in base 16?
-1e996
-35232325 (base 7) to base 15
-413a2d
What is -2120140 (base 6) in base 4?
-121110330
What is 121422224 (base 5) in base 2?
10001100110000110100
What is -332638 (base 10) in base 4?
-1101031132
What is 2234531 (base 9) in base 5?
302012022
What is 4521662 (base 7) in base 5?
120410424
-344461 (base 8) to base 15
-24a2b
What is -22111111112 (base 4) in base 12?
-aa7732
170262 (base 10) to base 7
1306251
Convert 36619 (base 14) to base 12.
64abb
Convert -10201100022 (base 3) to base 11.
-4aa61
Convert 71b039 (base 12) to base 7.
21100131
What is 555a (base 16) in base 4?
11111122
What is 286891 (base 10) in base 4?
1012002223
What is 5282a7 (base 13) in base 9?
3563634
-120202033 (base 5) to base 2
-10000111000110110001
10ad858 (base 15) to base 9
24422182
Convert 4010130314 (base 5) to base 9.
15763780
-111100101111010 (base 2) to base 14
-b494
1112001120 (base 3) to base 10
29931
Convert 360337 (base 8) to base 13.
44056
What is 1101011001000010111110 (base 2) in base 3?
20121100110010
11011000110111111001 (base 2) to base 5
211411223
Convert -877b (base 13) to base 14.
-6c33
-19a12 (base 14) to base 2
-1111111001000000
Convert -2111221010 (base 3) to base 2.
-1100000101110001
Convert -2221213 (base 4) to base 5.
-321410
-43241102 (base 6) to base 4
-10320222332
What is -255121020 (base 6) in base 14?
-943260
What is -83a3 (base 15) in base 9?
-42150
Convert 6064937 (base 10) to base 13.
1344728
Convert -3ea09 (base 15) to base 9.
-336220
Convert 2121333232 (base 4) to base 2.
10011001111111101110
Convert 10200014114 (base 5) to base 11.
5a54992
What is 6ef84 (base 16) in base 2?
1101110111110000100
Convert -4699c7 (base 13) to base 9.
-3136688
Convert 81641 (base 13) to base 4.
320211020
What is -2a7349 (base 13) in base 6?
-34213555
What is -6a45 (base 12) in base 11?
-8a03
29280 (base 14) to base 9
164858
3132231312 (base 4) to base 7
10516416
What is -6b2396 (base 12) in base 3?
-10020122101020
-241014442 (base 6) to base 12
-1624422
Convert -4a06b5 (base 16) to base 5.
-2220221011
-531273 (base 10) to base 6
-15215333
-110a4 (base 12) to base 3
-1010222121
What is -12200110001220 (base 3) in base 16?
-2e160a
Convert 1572a1 (base 12) to base 10.
365017
What is 4035801 (base 9) in base 14?
3dd60d
Convert -14336430 (base 8) to base 13.
-8a1900
Convert 99109 (base 13) to base 10.
277000
What is -11011010001001011110 (base 2) in base 7?
-10411025
a42566 (base 11) to base 16
1984dd
-11255663 (base 7) to base 4
-3301123001
Convert -45304555 (base 6) to base 10.
-1377431
What is 477610 (base 8) in base 14?
43944
Convert 302100431 (base 5) to base 13.
333135
-5224 (base 6) to base 13
-6bb
-6304331 (base 7) to base 14
-15a288
-54095a (base 12) to base 4
-11010111112
177774 (base 8) to base 16
fffc
58634 (base 10) to base 14
17522
-1141400 (base 6) to base 16
-ea48
What is -144 (base 7) in base 10?
-81
What is -1111200210212 (base 3) in base 4?
-3003210020
Convert -6783b (base 15) to base 12.
-13a63b
563ad (base 16) to base 12
150491
Convert -1562335 (base 10) to base 11.
-977895
11010000011100010011011 (base 2) to base 11
3945725
-20034475 (base 8) to base 9
-7824538
a7763 (base 11) to base 16
263e3
-170284 (base 11) to base 9
-441861
Convert 2610c41 (base 13) to base 6.
1103152122
What is -17d5d6 (base 14) in base 15?
-119e36
What is 349594 (base 14) in base 15?
256397
What is 111211103 (base 4) in base 16?
15953
Convert -736575 (base 13) to base 6.
-133502413
Convert -753041 (base 12) to base 6.
-103400121
What is 24046 (base 14) in base 8?
253476
What is 11039 (base 11) in base 5?
1003024
What is 1110101000011111000 (base 2) in base 3?
220100201112
What is -1120220221211 (base 3) in base 15?
-11a504
730016 (base 10) to base 14
150080
Convert 120333124 (base 5) to base 6.
15545455
What is -278b51 (base 15) in base 3?
-10120122222111
Convert 6826100 (base 9) to base 7.
43160553
-8b30 (base 15) to base 14
-aa88
What is 267571 (base 8) in base 2?
10110111101111001
17842a (base 15) to base 2
100010110101110111010
100101110011100101 (base 2) to base 5
14423403
What is -6400151 (base 7) in base 3?
-1110021122022
Convert 1acb8a (base 14) to base 13.
2768b0
-20110210002 (base 3) to base 13
-45cc2
What is -504112 (base 6) in base 13?
-15158
What is -12166a (base 13) in base 4?
-1221121202
What is -113031516 (base 7) in base 16?
-6a08e7
Convert -707112 (base 10) to base 8.
-2545050
Convert 671617 (base 8) to base 2.
110111001110001111
What is 5134324 (base 7) in base 3?
1011011222001
What is 3120103 (base 5) in base 3?
2121100012
-2353430 (base 7) to base 5
-34031340
-3120413 (base 6) to base 15
-2e8c9
What is 19934 (base 10) in base 7?
112055
What is f918a (base 16) in base 8?
3710612
What is 3b868d (base 14) in base 6?
112045445
What is -aa13 (base 13) in base 2?
-101110001111100
202013110 (base 4) to base 9
232607
-19a2108 (base 14) to base 6
-1133253100
22003352 (base 6) to base 8
2375224
Convert 1bd87 (base 14) to base 12.
352ab
3627b (base 13) to base 5
11134210
155701 (base 11) to base 8
730137
-131e88 (base 16) to base 9
-2318712
-1440323033 (base 5) to base 16
-3a94a7
1110001101100110110000 (base 2) to base 4
32031212300
Convert -253678 (base 10) to base 7.
-2104405
Convert -235150 (base 6) to base 3.
-1001020110
What is 1599ac (base 14) in base 2?
10111000101100100100
What 